n base 5?
342
2 (base 16) to base 7
2
What is -3 (base 9) in base 5?
-3
9 (base 13) to base 7
12
Convert -2 (base 4) to base 14.
-2
Convert 4 (base 16) to base 6.
4
Convert 6 (base 9) to base 15.
6
Convert 14 (base 15) to base 2.
10011
What is -33 (base 6) in base 4?
-111
-6 (base 10) to base 16
-6
What is -2 (base 10) in base 16?
-2
What is -1 (base 7) in base 2?
-1
10 (base 5) to base 8
5
Convert 1033 (base 4) to base 9.
87
-6 (base 13) to base 2
-110
Convert -1 (base 15) to base 14.
-1
12 (base 10) to base 7
15
What is -45 (base 11) in base 10?
-49
What is 17 (base 9) in base 3?
121
2 (base 3) to base 7
2
What is 3d (base 15) in base 9?
64
Convert 1 (base 10) to base 16.
1
Convert -11111 (base 2) to base 16.
-1f
3 (base 5) to base 10
3
What is 2 (base 6) in base 9?
2
What is -10 (base 4) in base 2?
-100
-7 (base 15) to base 8
-7
What is -66 (base 7) in base 12?
-40
What is -45 (base 6) in base 4?
-131
What is -126 (base 9) in base 4?
-1221
-21 (base 16) to base 9
-36
What is 1 (base 10) in base 9?
1
8 (base 15) to base 7
11
Convert -13 (base 13) to base 2.
-10000
-22 (base 14) to base 7
-42
Convert 134 (base 7) to base 10.
74
Convert -2002 (base 3) to base 8.
-70
Convert -511 (base 6) to base 12.
-137
-201 (base 4) to base 16
-21
Convert 136 (base 8) to base 5.
334
What is -311 (base 5) in base 9?
-100
What is -38 (base 13) in base 16?
-2f
Convert 4 (base 5) to base 14.
4
Convert 7 (base 12) to base 3.
21
What is 20 (base 3) in base 8?
6
Convert -3 (base 12) to base 3.
-10
What is 3 (base 14) in base 9?
3
What is 44 (base 10) in base 4?
230
-13 (base 13) to base 12
-14
Convert -22 (base 11) to base 12.
-20
8 (base 14) to base 6
12
-22 (base 3) to base 14
-8
76 (base 9) to base 12
59
Convert -2 (base 4) to base 12.
-2
Convert -1 (base 9) to base 7.
-1
Convert -5 (base 12) to base 4.
-11
-1a (base 14) to base 12
-20
What is -1010101 (base 2) in base 3?
-10011
Convert -5 (base 7) to base 6.
-5
What is 0 (base 4) in base 8?
0
Convert 8 (base 15) to base 14.
8
Convert -360 (base 10) to base 12.
-260
What is -11 (base 3) in base 13?
-4
What is 67 (base 11) in base 6?
201
Convert -3 (base 5) to base 4.
-3
What is -12 (base 5) in base 7?
-10
Convert 18 (base 9) to base 3.
122
What is -4 (base 9) in base 16?
-4
Convert 212 (base 3) to base 7.
32
12222 (base 3) to base 4
2201
What is 1 (base 15) in base 11?
1
Convert 1 (base 12) to base 5.
1
Convert -2 (base 10) to base 16.
-2
Convert -4 (base 10) to base 14.
-4
What is 100201 (base 3) in base 8?
406
Convert 221 (base 7) to base 16.
71
Convert 16 (base 10) to base 15.
11
-25 (base 13) to base 16
-1f
-5 (base 15) to base 3
-12
What is 4 (base 12) in base 7?
4
Convert -246 (base 7) to base 9.
-156
Convert 4 (base 12) to base 4.
10
What is 2 (base 16) in base 8?
2
Convert 0 (base 4) to base 6.
0
What is 12 (base 4) in base 3?
20
40 (base 12) to base 14
36
What is 46 (base 7) in base 13?
28
-1111 (base 2) to base 14
-11
-2 (base 15) to base 3
-2
What is -292 (base 10) in base 5?
-2132
-2 (base 10) to base 5
-2
Convert -10 (base 2) to base 13.
-2
10 (base 3) to base 12
3
What is 15 (base 10) in base 3?
120
What is 1120 (base 3) in base 15?
2c
-3 (base 15) to base 7
-3
Convert a0 (base 15) to base 3.
12120
What is 222 (base 3) in base 6?
42
Convert 1200 (base 3) to base 4.
231
What is -b (base 13) in base 5?
-21
-1 (base 3) to base 7
-1
Convert -1 (base 13) to base 16.
-1
111112 (base 3) to base 12
265
Convert -347 (base 9) to base 14.
-166
42 (base 10) to base 4
222
Convert -241 (base 8) to base 4.
-2201
-31 (base 8) to base 15
-1a
0 (base 14) to base 13
0
What is -16 (base 10) in base 16?
-10
What is 13 (base 5) in base 6?
12
-13 (base 9) to base 8
-14
What is -3 (base 14) in base 10?
-3
Convert d (base 14) to base 3.
111
-10 (base 12) to base 7
-15
11101 (base 2) to base 10
29
3 (base 15) to base 2
11
What is -6 (base 14) in base 15?
-6
What is 3 (base 12) in base 15?
3
-1010 (base 3) to base 13
-24
10d (base 14) to base 6
545
What is 128 (base 13) in base 7?
410
Convert 10 (base 5) to base 2.
101
-1 (base 3) to base 13
-1
What is -e (base 16) in base 5?
-24
What is 230 (base 4) in base 9?
48
What is -1 (base 11) in base 6?
-1
3 (base 4) to base 5
3
ed (base 16) to base 10
237
Convert -110 (base 8) to base 6.
-200
Convert 2 (base 5) to base 11.
2
Convert -5 (base 12) to base 16.
-5
-6d (base 15) to base 4
-1213
What is 2 (base 15) in base 10?
2
2 (base 12) to base 10
2
What is 9b (base 15) in base 5?
1041
Convert 1 (base 8) to base 6.
1
15 (base 9) to base 13
11
What is -51 (base 6) in base 16?
-1f
-17 (base 8) to base 9
-16
-39 (base 10) to base 14
-2b
Convert -32 (base 7) to base 8.
-27
2 (base 6) to base 7
2
25 (base 9) to base 14
19
Convert -25 (base 12) to base 8.
-35
Convert -d0 (base 14) to base 5.
-1212
105 (base 8) to base 9
76
Convert -3 (base 10) to base 6.
-3
Convert -20 (base 8) to base 15.
-11
What is 10 (base 11) in base 8?
13
Convert -22 (base 4) to base 14.
-a
12102 (base 3) to base 6
402
-3 (base 4) to base 16
-3
-c (base 15) to base 8
-14
Convert -c (base 15) to base 2.
-1100
Convert -11 (base 2) to base 4.
-3
What is -bb (base 14) in base 15?
-b0
What is -1 (base 10) in base 4?
-1
What is -41 (base 6) in base 8?
-31
What is 61 (base 8) in base 5?
144
Convert 1 (base 9) to base 13.
1
Convert 14 (base 11) to base 15.
10
What is 21 (base 3) in base 10?
7
Convert -1200 (base 5) to base 14.
-c7
Convert 305 (base 6) to base 13.
89
79 (base 11) to base 2
1010110
What is 34 (base 14) in base 12?
3a
-2 (base 9) to base 15
-2
What is 20 (base 9) in base 3?
200
Convert -4 (base 8) to base 12.
-4
-7 (base 14) to base 6
-11
Convert 2 (base 16) to base 11.
2
Convert -54 (base 10) to base 15.
-39
What is 20 (base 8) in base 14?
12
Convert -10 (base 4) to base 5.
-4
45 (base 6) to base 16
1d
What is 0 (base 12) in base 15?
0
What is -11 (base 8) in base 11?
-9
-3 (base 10) to base 15
-3
What is -11 (base 14) in base 6?
-23
What is -9 (base 10) in base 13?
-9
-1010 (base 4) to base 3
-2112
What is -7 (base 13) in base 7?
-10
What is -11 (base 3) in base 11?
-4
Convert -40 (base 6) to base 14.
-1a
Convert 1 (base 9) to base 11.
1
3 (base 9) to base 6
3
Convert 10001 (base 3) to base 6.
214
2 (base 7) to base 2
10
12 (base 4) to base 3
20
What is 1a2 (base 12) in base 15?
12b
3 (base 10) to base 5
3
What is 3f (base 16) in base 11?
58
What is b (base 12) in base 5?
21
What is 60 (base 7) in base 16?
2a
114 (base 5) to base 16
22
Convert -9 (base 15) to base 4.
-21
-177 (base 8) to base 6
-331
What is 1 (base 10) in base 7?
1
Convert -83 (base 14) to base 11.
-a5
Convert ba (base 16) to base 11.
15a
10 (base 11) to base 5
21
Convert -21 (base 9) to base 11.
-18
What is c (base 13) in base 7?
15
Convert -4 (base 11) to base 6.
-4
Convert 71 (base 8) to base 2.
111001
101 (base 11) to base 14
8a
What is 100 (base 3) in base 10?
9
-2 (base 10) to base 2
-10
2 (base 7) to base 8
2
-1 (base 4) to base 16
-1
What is -24 (base 9) in base 8?
-26
Convert 12 (base 4) to base 16.
6
-11 (base 6) to base 10
-7
Convert -1 (base 5) to base 13.
-1
What is 43 (base 15) in base 11?
58
-4a (base 16) to base 4
-1022
Convert 56 (base 7) to base 2.
101001
-342 (base 5) to base 11
-89
-11 (base 13) to base 5
-24
Convert -43 (base 15) to base 12.
-53
2 (base 9) to base 15
2
Convert 12 (base 10) to base 6.
20
What is -1 (base 6) in base 8?
-1
Convert 100 (base 3) to base 16.
9
Convert -2 (base 14) to base 4.
-2
Convert 32 (base 4) to base 15.
e
Convert 11 (base 4) to base 13.
5
Convert 3 (base 5) to base 10.
3
-4 (base 6) to base 5
-4
What is 100 (base 9) in base 15?
56
-106 (base 12) to base 4
-2112
What is 3 (base 10) in base 3?
10
Convert -13 (base 14) to base 15.
-12
-3 (base 10) to base 14
-3
What is -27 (base 13) in base 9?
-36
What is 20 (base 3) in base 14?
6
Convert 21 (base 14) to base 6.
45
340 (base 10) to base 3
110121
What is 1 (base 3) in base 13?
1
Convert 7 (base 15) to base 7.
10
What is -41 (base 10) in base 12?
-35
Convert -1000 (base 5) to base 8.
-175
20 (base 6) to base 2
1100
What is -1010 (base 3) in base 7?
-42
-2 (base 16) to base 9
-2
Convert 93 (base 11) to base 15.
6c
What is -110 (base 2) in base 3?
-20
What is 0 (base 5) in base 6?
0
20 (base 3) to base 14
6
Convert -1 (base 16) to base 2.
-